{"id":668,"date":"2023-09-20T18:21:20","date_gmt":"2023-09-20T16:21:20","guid":{"rendered":"https:\/\/spturza.pl\/?page_id=668"},"modified":"2024-01-26T22:29:07","modified_gmt":"2024-01-26T21:29:07","slug":"regulamin-rekrutacji","status":"publish","type":"page","link":"https:\/\/spturza.pl\/index.php\/regulamin-rekrutacji\/","title":{"rendered":"Regulamin rekrutacji"},"content":{"rendered":"\n<div class=\"wp-block-file\"><a id=\"wp-block-file--media-c543f016-ab7b-4237-aa48-919d9043ef9e\" href=\"https:\/\/spturza.pl\/wp-content\/uploads\/2024\/01\/REGULAMIN-REKRUTACJI.docx\">REGULAMIN-REKRUTACJI<\/a><a href=\"https:\/\/spturza.pl\/wp-content\/uploads\/2024\/01\/REGULAMIN-REKRUTACJI.docx\" class=\"wp-block-file__button wp-element-button\" download aria-describedby=\"wp-block-file--media-c543f016-ab7b-4237-aa48-919d9043ef9e\">Pobierz<\/a><\/div>\n\n\n\n<p class=\"has-text-align-center\"><strong>REGULAMIN REKRUTACJI<\/strong><\/p>\n\n\n\n<p class=\"has-text-align-center\"><strong>UCZNI\u00d3W DO KLASY PIERWSZEJ&nbsp;<\/strong><\/p>\n\n\n\n<p class=\"has-text-align-center\"><strong>SZKO\u0141Y PODSTAWOWEJ\u00a0 W TURZY <\/strong><\/p>\n\n\n\n<p class=\"has-text-align-center\"><strong>NA ROK SZKOLNY 2024\/202<\/strong>5<\/p>\n\n\n\n<p><strong>Podstawa prawna:<\/strong><\/p>\n\n\n\n<ol class=\"wp-block-list\" start=\"1\">\n<li>Ustawa z dnia 14 grudnia 2016r. Prawo o\u015bwiatowe (tj. Dz.U. z 2023 r. poz. 900, 1972, 1718, 2005)<\/li>\n\n\n\n<li>Statut Szko\u0142y Podstawowej w Turzy<\/li>\n\n\n\n<li>Zarz\u0105dzenie nr 3\/2024 \u00a0W\u00f3jta Gminy Rzepiennik Strzy\u017cewski z dnia 02.01.2024r.<\/li>\n<\/ol>\n\n\n\n<p><\/p>\n\n\n\n<p><strong>I . Zasady rekrutacji do klas I szko\u0142y podstawowej:<\/strong><\/p>\n\n\n\n<p><strong>1.1.Obowi\u0105zek szkolny :<\/strong><\/p>\n\n\n\n<ol class=\"wp-block-list\" start=\"1\">\n<li>W roku szkolnym &nbsp;2024\/2025 &nbsp;obowi\u0105zek szkolny dotyczy dzieci 7 letnich (rocznik 2017)<\/li>\n\n\n\n<li>Na wniosek rodzic\u00f3w nauk\u0119 mog\u0105 podj\u0119\u0107 dzieci urodzone w 2018 r., kt\u00f3re uzyska\u0142y pozytywna opini\u0119 poradni psychologiczno \u2013 pedagogicznej oraz dzieci, kt\u00f3re odby\u0142y obowi\u0105zkowe roczne przygotowanie przedszkolne.<\/li>\n\n\n\n<li>W przypadku, gdy dziecko posiada opini\u0119 poradni psychologiczno-pedagogicznej o braku mo\u017cliwo\u015bci rozpocz\u0119cia spe\u0142niania obowi\u0105zku szkolnego, w\u00f3wczas Dyrektor Szko\u0142y podejmuje decyzj\u0119 o odroczeniu spe\u0142niania tego obowi\u0105zku dla dziecka zamieszka\u0142ego&nbsp;w obwodzie szko\u0142y .<\/li>\n<\/ol>\n\n\n\n<p><strong>1.2.Termin rekrutacji<\/strong> :<\/p>\n\n\n\n<ol class=\"wp-block-list\" start=\"1\">\n<li>Przyjmowanie wniosk\u00f3w kandydat\u00f3w do klasy pierwszej , przyst\u0119puj\u0105cych do naboru na rok szkolny 2024\/2025 odbywa si\u0119 w terminie&nbsp;&nbsp; 04.03.2024 r. \u2013 15.03.2024r.<\/li>\n\n\n\n<li>Druki: \u201eZg\u0142oszenie dziecka do klasy pierwszej Szko\u0142y &nbsp;Podstawowej w Turzy\u201d oraz \u201eWniosek o przyj\u0119cie dziecka do Szko\u0142y Podstawowej w Turzy, spoza obwodu szko\u0142y \u201d s\u0105 dost\u0119pne w sekretariacie szko\u0142y oraz mo\u017cna je pobra\u0107 ze strony internetowej szko\u0142y.<\/li>\n\n\n\n<li>Wype\u0142nione druki nale\u017cy z\u0142o\u017cy\u0107 podczas spotkania rekrutacyjnego, kt\u00f3re odb\u0119dzie si\u0119 w szkole dnia 07.03.2024 r. w sali nr 4, o godz. 14:00.<\/li>\n<\/ol>\n\n\n\n<p><strong>1.3.Zasady rekrutacji :<\/strong><strong><\/strong><\/p>\n\n\n\n<ol class=\"wp-block-list\" start=\"1\">\n<li>Do szko\u0142y przyjmuje si\u0119 z urz\u0119du dzieci zamieszka\u0142e w obwodzie szko\u0142y na podstawie wype\u0142nionego przez rodzic\u00f3w \/ prawnych opiekun\u00f3w dziecka druku \u201eZg\u0142oszenie dziecka do klasy pierwszej Szko\u0142y &nbsp;Podstawowej w Turzy\u201d.<\/li>\n\n\n\n<li>Dzieci zamieszka\u0142e poza obwodem szko\u0142y podstawowej przyjmuje si\u0119 do klasy I w przypadku , gdy plac\u00f3wka dysponuje wolnymi miejscami , na podstawie wype\u0142nionego przez rodzic\u00f3w \/ prawnych opiekun\u00f3w dziecka druku \u201eWniosek o przyj\u0119cie dziecka do Szko\u0142y Podstawowej w Turzy , spoza obwodu szko\u0142y \u201d.<\/li>\n\n\n\n<li>W przypadku , gdy liczba wniosk\u00f3w rodzic\u00f3w \/ prawnych opiekun\u00f3w\u00a0\u00a0o przyj\u0119cie do szko\u0142y dziecka zamieszka\u0142ego poza obwodem szko\u0142y jest wi\u0119ksza ni\u017c liczba wolnych miejsc, kt\u00f3rymi dysponuje szko\u0142a, dzieci przyjmuje si\u0119 z uwzgl\u0119dnieniem kolejno\u015bci nast\u0119puj\u0105cych kryteri\u00f3w okre\u015blonych przez organ prowadz\u0105cy:<\/li>\n<\/ol>\n\n\n\n<figure class=\"wp-block-table\"><table><tbody><tr><td><strong>Lp<\/strong><\/td><td><strong>Nazwa kryterium<\/strong><\/td><td><strong>Dokument okre\u015blaj\u0105cy spe\u0142nienie kryterium<\/strong><\/td><td><strong>Liczba punkt\u00f3w<\/strong><\/td><\/tr><tr><td>1.<\/td><td>Rodze\u0144stwo kandydata spe\u0142nia obowi\u0105zek szkolny w tej samej szkole.<\/td><td>O\u015bwiadczenie rodzic\u00f3w\/opiekun\u00f3w prawnych<\/td><td>10<\/td><\/tr><tr><td>3.<\/td><td>Miejsce pracy rodzic\u00f3w\/opiekun\u00f3w prawnych na terenie Gminy, w kt\u00f3rej znajduje si\u0119 szko\u0142a.<\/td><td>O\u015bwiadczenie rodzic\u00f3w\/opiekun\u00f3w prawnych<\/td><td>7<\/td><\/tr><\/tbody><\/table><\/figure>\n\n\n\n<p>4. Klasy pierwsze nie mog\u0105 liczy\u0107 wi\u0119cej ni\u017c 25 os\u00f3b.<br>5. W sprawie przydzia\u0142u dzieci przyj\u0119tych w szkole do okre\u015blonych oddzia\u0142\u00f3w klasowych, decyzj\u0119 podejmuje Dyrektor Szko\u0142y.<\/p>\n\n\n\n<p><strong>II. Post\u0119powanie rekrutacyjne do klasy I<\/strong><\/p>\n\n\n\n<ol class=\"wp-block-list\" start=\"1\">\n<li>Post\u0119powanie rekrutacyjne przeprowadza komisja rekrutacyjna powo\u0142ana przez dyrektora szko\u0142y, z\u0142o\u017cona co najmniej z 3 nauczycieli zatrudnionych w szkole. Dyrektor wyznacza przewodnicz\u0105cego komisji rekrutacyjnej.<\/li>\n\n\n\n<li>Do zada\u0144 komisji rekrutacyjnej nale\u017cy weryfikacja spe\u0142niania przez kandydata warunk\u00f3w lub kryteri\u00f3w branych pod uwag\u0119 w post\u0119powaniu rekrutacyjnym, w tym r\u00f3wnie\u017c:<\/li>\n<\/ol>\n\n\n\n<p>a)&nbsp;&nbsp;&nbsp;&nbsp;&nbsp; ustalenie wynik\u00f3w post\u0119powania rekrutacyjnego,<\/p>\n\n\n\n<p>b)&nbsp;&nbsp;&nbsp;&nbsp;&nbsp; podanie do publicznej wiadomo\u015bci wynik\u00f3w post\u0119powania rekrutacyjnego w formie listy kandydat\u00f3w zakwalifikowanych i niezakwalifikowanych , zawieraj\u0105cej imiona i nazwisko kandydat\u00f3w oraz informacj\u0119 o zakwalifikowaniu albo niezakwalifikowaniu&nbsp;kandydata do klasy pierwszej lub oddzia\u0142u przedszkolnego,<\/p>\n\n\n\n<p>c)\u00a0\u00a0\u00a0\u00a0\u00a0 komisja rekrutacyjna przyjmuje kandydata do klasy pierwszej lub oddzia\u0142u przedszkolnego, je\u017celi w wyniku post\u0119powania rekrutacyjnego kandydat zosta\u0142 zakwalifikowany oraz z\u0142o\u017cy\u0142 wymagane dokumenty,<\/p>\n\n\n\n<p>d)&nbsp;&nbsp;&nbsp;&nbsp; podanie do publicznej wiadomo\u015bci listy kandydat\u00f3w przyj\u0119tych i nieprzyj\u0119tych do klasy pierwszej lub oddzia\u0142u przedszkolnego zawieraj\u0105cej imiona i nazwisko kandydat\u00f3w przyj\u0119tych i nieprzyj\u0119tych lub informacj\u0119 o liczbie wolnych miejsc,<\/p>\n\n\n\n<p>e)\u00a0\u00a0\u00a0\u00a0\u00a0 listy , o kt\u00f3rych mowa powy\u017cej , podaje si\u0119 do publicznej wiadomo\u015bci poprzez umieszczenie w widocznym miejscu w siedzibie szko\u0142y. Listy zawieraj\u0105 imiona i nazwiska kandydat\u00f3w uszeregowane w kolejno\u015bci alfabetycznej. Dzie\u0144 podania do publicznej wiadomo\u015bci listy jest okre\u015blany w formie adnotacji\u00a0\u00a0umieszczonej na tej li\u015bcie i opatrzonej podpisem przewodnicz\u0105cego komisji rekrutacyjnej.<\/p>\n\n\n\n<p>f)&nbsp;&nbsp;&nbsp;&nbsp;&nbsp;&nbsp; sporz\u0105dzenie protoko\u0142\u00f3w post\u0119powania rekrutacyjnego do klasy pierwszej oraz oddzia\u0142\u00f3w przedszkolnych,<\/p>\n\n\n\n<p>g)\u00a0\u00a0\u00a0\u00a0\u00a0 ustalenie trybu odwo\u0142awczego , w przypadku nieprzyj\u0119cia kandydata do klasy pierwszej\u00a0\u00a0 lub oddzia\u0142u przedszkolnego.<\/p>\n\n\n\n<p>3. Przewodnicz\u0105cy komisji rekrutacyjnej umo\u017cliwia cz\u0142onkom komisji zapoznanie si\u0119 z wnioskami o przyj\u0119cie do szko\u0142y i\u00a0za\u0142\u0105czonymi do nich dokumentami oraz ustala dni i godziny posiedze\u0144 komisji.<\/p>\n\n\n\n<p>4. Posiedzenia komisji rekrutacyjnej zwo\u0142uje i prowadzi przewodnicz\u0105cy komisji.<\/p>\n\n\n\n<p>5. Przewodnicz\u0105cy komisji rekrutacyjnej mo\u017ce zwo\u0142ywa\u0107 posiedzenia komisji poza ustalonymi dniami i godzinami posiedze\u0144 komisji.<\/p>\n\n\n\n<p>6. Prace komisji rekrutacyjnej s\u0105 prowadzone, je\u017celi w posiedzeniu komisji bierze udzia\u0142 co najmniej 2\/3 os\u00f3b wchodz\u0105cych w sk\u0142ad komisji.<\/p>\n\n\n\n<p>7. Osoby wchodz\u0105ce w sk\u0142ad komisji rekrutacyjnej s\u0105 obowi\u0105zane do nieujawniania informacji o przebiegu posiedzenia komisji i podj\u0119tych rozstrzygni\u0119ciach, kt\u00f3re mog\u0105 narusza\u0107 dobra osobiste kandydata lub jego rodzic\u00f3w, a tak\u017ce nauczycieli.<\/p>\n\n\n\n<p>8. Protoko\u0142y post\u0119powania rekrutacyjnego zawieraj\u0105 w szczeg\u00f3lno\u015bci: dat\u0119 posiedzenia komisji rekrutacyjnej, imiona i nazwiska przewodnicz\u0105cego oraz cz\u0142onk\u00f3w komisji obecnych na posiedzeniu, a tak\u017ce informacje o podj\u0119tych czynno\u015bciach lub rozstrzygni\u0119ciach. Protok\u00f3\u0142 podpisuje przewodnicz\u0105cy i cz\u0142onkowie komisji rekrutacyjnej.<\/p>\n\n\n\n<p>9. Do protoko\u0142\u00f3w post\u0119powania rekrutacyjnego za\u0142\u0105cza si\u0119:<\/p>\n\n\n\n<p>a. Informacje o liczbie punkt\u00f3w przyznanych poszczeg\u00f3lnym kandydatom po przeprowadzeniu post\u0119powania rekrutacyjnego.<\/p>\n\n\n\n<p>b. List\u0119 kandydat\u00f3w zakwalifikowanych i kandydat\u00f3w niezakwalifikowanych.<\/p>\n\n\n\n<p>c. List\u0119 kandydat\u00f3w przyj\u0119tych i kandydat\u00f3w nieprzyj\u0119tych.<\/p>\n\n\n\n<p><strong>III. Terminy post\u0119powania rekrutacyjnego do klasy I<\/strong><\/p>\n\n\n\n<figure class=\"wp-block-table\"><table><tbody><tr><td><strong>Lp.<\/strong><\/td><td><strong>Rodzaj czynno\u015bci<\/strong><\/td><td><strong>Termin<\/strong><\/td><td><strong>Termin post\u0119powania uzupe\u0142niaj\u0105cego<\/strong><\/td><\/tr><tr><td>&nbsp;1.<\/td><td>Sk\u0142adanie wniosku\/zg\u0142oszenia o przyj\u0119cie do szko\u0142y wraz z dokumentami potwierdzaj\u0105cymi spe\u0142nianie przez kandydata warunk\u00f3w lub kryteri\u00f3w branych pod uwag\u0119 w post\u0119powaniu rekrutacyjnym.<\/td><td>04.03 \u2013 15.03 2024r.<\/td><td>15.04- 19.04 2024r.<\/td><\/tr><tr><td>&nbsp;2.<\/td><td>Weryfikacja przez komisj\u0119 rekrutacyjn\u0105 wniosk\u00f3w i dokument\u00f3w, o kt\u00f3rych mowa w pkt.1 oraz wykonanie czynno\u015bci wymienionych w art. 150 ust. 7 ustawy<sup>1<\/sup><\/td><td>18.03 -21.03 2024r.<\/td><td>22.04 &#8211; 24.04 2024r.<\/td><\/tr><tr><td>&nbsp;3.<\/td><td>Podanie do publicznej wiadomo\u015bci przez komisj\u0119 rekrutacyjn\u0105 listy kandydat\u00f3w zakwalifikowanych i niezakwalifikowanych<\/td><td>22.03.2024r.\u00a0 do godz.12.00<\/td><td>25.04.2024r. \u00a0\u00a0\u00a0do godz.12.00<\/td><\/tr><tr><td>&nbsp;4.<\/td><td>Potwierdzenie przez rodzic\u00f3w\/opiekun\u00f3w prawnych kandydata woli przyj\u0119cia w postaci pisemnego o\u015bwiadczenia<\/td><td>25.03 &#8211; 29.03 2024r.<\/td><td>26.04 \u2013 29.04 2024r.<\/td><\/tr><tr><td>&nbsp;5.<\/td><td>Podanie do publicznej wiadomo\u015bci przez komisj\u0119 rekrutacyjn\u0105 listy kandydat\u00f3w przyj\u0119tych i nieprzyj\u0119tych<\/td><td>03.04.2024r.\u00a0\u00a0 do godz. 12.00<\/td><td>30.04.2024r.\u00a0\u00a0\u00a0 do godz.12.00<\/td><\/tr><\/tbody><\/table><\/figure>\n\n\n\n<p><sup>1<\/sup> \u2013 Ustawa z dnia 14 grudnia 2016r. prawo o\u015bwiatowe (tj. Dz.U. z 2023 r. poz. 900, 1972, 1718, 2005)<\/p>\n\n\n\n<p><strong>IV. Wzory druk\u00f3w<\/strong><\/p>\n\n\n\n<ol class=\"wp-block-list\" start=\"1\">\n<li>Zg\u0142oszenie dziecka do klasy pierwszej Szko\u0142y &nbsp;Podstawowej w Turzy &#8211; za\u0142\u0105cznik nr&nbsp;1do regulaminu<\/li>\n\n\n\n<li>Wniosek o przyj\u0119cie dziecka do Szko\u0142y Podstawowej w Turzy , spoza obwodu szko\u0142y &#8211; za\u0142\u0105cznik nr 2 do regulaminu<\/li>\n\n\n\n<li>O\u015bwiadczenie \u2013 za\u0142\u0105cznik nr 3 regulaminu<\/li>\n<\/ol>\n","protected":false},"excerpt":{"rendered":"<p>REGULAMIN REKRUTACJI UCZNI\u00d3W DO KLASY PIERWSZEJ&nbsp; SZKO\u0141Y PODSTAWOWEJ\u00a0 W TURZY NA ROK SZKOLNY 2024\/2025 Podstawa prawna: I . Zasady rekrutacji do klas I szko\u0142y podstawowej: 1.1.Obowi\u0105zek szkolny : 1.2.Termin rekrutacji : 1.3.Zasady rekrutacji : Lp Nazwa kryterium Dokument okre\u015blaj\u0105cy spe\u0142nienie kryterium Liczba punkt\u00f3w 1. Rodze\u0144stwo kandydata spe\u0142nia obowi\u0105zek szkolny w tej samej szkole. O\u015bwiadczenie rodzic\u00f3w\/opiekun\u00f3w &hellip; <\/p>\n<p><a class=\"more-link btn\" href=\"https:\/\/spturza.pl\/index.php\/regulamin-rekrutacji\/\">Kontynuuj czytanie<\/a><\/p>\n","protected":false},"author":1,"featured_media":0,"parent":0,"menu_order":0,"comment_status":"closed","ping_status":"closed","template":"template-onecolumn.php","meta":{"ngg_post_thumbnail":0,"footnotes":""},"class_list":["post-668","page","type-page","status-publish","hentry","nodate","item-wrap"],"_links":{"self":[{"href":"https:\/\/spturza.pl\/index.php\/wp-json\/wp\/v2\/pages\/668","targetHints":{"allow":["GET"]}}],"collection":[{"href":"https:\/\/spturza.pl\/index.php\/wp-json\/wp\/v2\/pages"}],"about":[{"href":"https:\/\/spturza.pl\/index.php\/wp-json\/wp\/v2\/types\/page"}],"author":[{"embeddable":true,"href":"https:\/\/spturza.pl\/index.php\/wp-json\/wp\/v2\/users\/1"}],"replies":[{"embeddable":true,"href":"https:\/\/spturza.pl\/index.php\/wp-json\/wp\/v2\/comments?post=668"}],"version-history":[{"count":4,"href":"https:\/\/spturza.pl\/index.php\/wp-json\/wp\/v2\/pages\/668\/revisions"}],"predecessor-version":[{"id":1661,"href":"https:\/\/spturza.pl\/index.php\/wp-json\/wp\/v2\/pages\/668\/revisions\/1661"}],"wp:attachment":[{"href":"https:\/\/spturza.pl\/index.php\/wp-json\/wp\/v2\/media?parent=668"}],"curies":[{"name":"wp","href":"https:\/\/api.w.org\/{rel}","templated":true}]}}